
Is 825679 composite?
False
Is 43194883 prime?
True
Is 18786499 prime?
True
Is 1341301 prime?
False
Is 32513342 prime?
False
Is 8201729 a composite number?
False
Is 865043 a composite number?
False
Is 243973 a composite number?
False
Is 2138551 a prime number?
True
Is 23246338 a composite number?
True
Is 10807727 prime?
False
Is 369215723 composite?
False
Is 3111123 a prime number?
False
Is 17515759 prime?
True
Is 682322057 composite?
False
Is 93666769 prime?
False
Is 61606631 prime?
True
Is 290434493 prime?
True
Is 98263031 prime?
False
Is 170301 prime?
False
Is 4574201 a prime number?
False
Is 116848937 a composite number?
False
Is 35567401 a composite number?
False
Is 129151999 prime?
True
Is 23339299 composite?
False
Is 109711939 a prime number?
True
Is 5920403 a prime number?
False
Is 24370985 a composite number?
True
Is 382567 a composite number?
False
Is 24361727 a composite number?
True
Is 1153511 a composite number?
False
Is 3624287 prime?
True
Is 194453513 composite?
False
Is 2813037 a prime number?
False
Is 465922 a composite number?
True
Is 45846079 composite?
False
Is 138762467 prime?
True
Is 727897 a prime number?
False
Is 261757423 composite?
True
Is 10650973 a composite number?
False
Is 1762327 a composite number?
True
Is 14786543 composite?
False
Is 9820851 a prime number?
False
Is 8228797 a prime number?
True
Is 4024021 prime?
True
Is 7862707 a composite number?
False
Is 18000527 a prime number?
True
Is 15635021 prime?
True
Is 38491523 a composite number?
True
Is 160714417 a prime number?
False
Is 8797961 prime?
True
Is 6700795 a prime number?
False
Is 34763647 prime?
True
Is 11725927 prime?
True
Is 579467 prime?
False
Is 1469459 a composite number?
True
Is 11743061 composite?
True
Is 2673933 prime?
False
Is 231175723 a prime number?
True
Is 56453723 prime?
False
Is 1484173 composite?
True
Is 11223001 a composite number?
False
Is 9694994 prime?
False
Is 12835259 a composite number?
False
Is 3751607 a prime number?
False
Is 21586267 composite?
False
Is 5641547 a composite number?
False
Is 2594237 a composite number?
False
Is 9086729 prime?
True
Is 2956073 prime?
False
Is 9798617 a composite number?
False
Is 69970126 a composite number?
True
Is 661363 composite?
True
Is 5190751 a composite number?
True
Is 17783849 prime?
True
Is 3462743 a prime number?
True
Is 5752189 a prime number?
False
Is 6127411 a composite number?
True
Is 1574269 a prime number?
True
Is 6074759 prime?
False
Is 7059509 a prime number?
False
Is 4277813 composite?
False
Is 618522977 composite?
False
Is 103867 a prime number?
True
Is 653321449 composite?
True
Is 5499771 a composite number?
True
Is 7291703 a prime number?
True
Is 29288321 composite?
False
Is 11703011 a prime number?
False
Is 116867 composite?
False
Is 401809 a prime number?
True
Is 93641943 composite?
True
Is 2761171 composite?
True
Is 10361651 prime?
False
Is 40252117 a composite number?
True
Is 20782045 a composite number?
True
Is 531163119 a composite number?
True
Is 402785 a prime number?
False
Is 162717377 prime?
False
Is 22398659 a composite number?
False
Is 2127542 a composite number?
True
Is 146652563 a composite number?
False
Is 145566343 composite?
True
Is 44365691 prime?
True
Is 23908439 prime?
True
Is 14637103 composite?
True
Is 2186363 a composite number?
True
Is 145309727 composite?
True
Is 25941511 a prime number?
True
Is 297581 a prime number?
True
Is 10741553 a composite number?
True
Is 1343941 a prime number?
True
Is 15572103 prime?
False
Is 201049 composite?
False
Is 318817 a composite number?
False
Is 15163951 a prime number?
False
Is 8934017 composite?
False
Is 21771143 a prime number?
False
Is 17617073 a composite number?
True
Is 26032199 a composite number?
False
Is 185600717 a prime number?
False
Is 4564193 prime?
True
Is 6733151 composite?
False
Is 2596849 a composite number?
False
Is 67540201 prime?
False
Is 3821757 a composite number?
True
Is 276653383 a prime number?
True
Is 285661 a prime number?
True
Is 160917173 composite?
False
Is 1891457 composite?
False
Is 2778901 a composite number?
False
Is 43187611 prime?
True
Is 4627963 a composite number?
True
Is 2875123 a composite number?
True
Is 31493047 prime?
True
Is 12427031 a composite number?
True
Is 66778169 composite?
True
Is 5145971 composite?
False
Is 3041279 composite?
False
Is 508829 composite?
True
Is 121804747 prime?
True
Is 544226626 a composite number?
True
Is 4328383 a composite number?
True
Is 899789 a composite number?
True
Is 35535113 a prime number?
True
Is 22869773 a prime number?
True
Is 6346381 prime?
True
Is 34514531 a composite number?
False
Is 43613693 a composite number?
False
Is 240527383 a prime number?
True
Is 68311 composite?
False
Is 1000313 a prime number?
True
Is 11087701 composite?
False
Is 13930127 composite?
False
Is 153967 a prime number?
False
Is 72366407 a prime number?
False
Is 1252319 prime?
False
Is 5641801 prime?
False
Is 8100277 prime?
False
Is 344111 a prime number?
True
Is 542821381 prime?
True
Is 19905307 composite?
False
Is 965723 a prime number?
False
Is 37042477 a prime number?
False
Is 19691699 a composite number?
False
Is 426871421 composite?
True
Is 4253911 a composite number?
True
Is 3149539 composite?
True
Is 64422323 a composite number?
True
Is 2416577 composite?
False
Is 8388509 a prime number?
False
Is 21107083 composite?
False
Is 89046587 a composite number?
True
Is 110400857 a composite number?
True
Is 227051941 a prime number?
True
Is 2099017 composite?
False
Is 69775571 prime?
False
Is 5236843 composite?
False
Is 371555 prime?
False
Is 37611523 a composite number?
False
Is 26712137 prime?
False
Is 5598983 a prime number?
False
Is 1278659 a prime number?
True
Is 7016942 composite?
True
Is 20045083 a composite number?
True
Is 107646859 a prime number?
True
Is 317711 composite?
False
Is 2551141 a composite number?
True
Is 80352551 a composite number?
True
Is 16075379 prime?
False
Is 546583 composite?
False
Is 46502857 a composite number?
False
Is 14752121 a composite number?
True
Is 1798019 composite?
True
Is 104667949 a composite number?
True
Is 375000515 a composite number?
True
Is 3818279 composite?
True
Is 80022709 a prime number?
False
Is 80379287 prime?
True
Is 10735333 prime?
False
Is 97567979 a composite number?
False
Is 5191843 a prime number?
True
Is 80129039 prime?
True
Is 6504103 a prime number?
True
Is 19016951 a prime number?
True
Is 9135983 a prime number?
False
Is 14068023 a composite number?
True
Is 3932591 composite?
True
Is 58917479 composite?
True
Is 2651603 a composite number?
False
Is 5316365 composite?
True
Is 91229 a composite number?
False
Is 2524103 a prime number?
False
Is 49903199 composite?
True
Is 55439227 a prime number?
False
Is 63455939 prime?
True
Is 191668967 a prime number?
False
Is 197313793 a composite number?
False
Is 7566782 a composite number?
True
Is 754207 a composite number?
False
Is 226297103 a composite number?
False
Is 2630539 composite?
False
Is 7279942 composite?
True
Is 163408529 composite?
True
Is 8551667 prime?
True
Is 61169399 prime?
False
Is 2136517 a composite number?
True
Is 65604419 a composite number?
True
Is 8940839 a prime number?
True
Is 10753073 composite?
False
Is 306854 a composite number?
True
Is 16706 a prime number?
False
Is 118658333 prime?
True
Is 55633703 a prime number?
False
Is 130114931 a prime number?
True
Is 263959 a prime number?
False
Is 2081337 composite?
True
Is 20714491 composite?
True
Is 3216946 prime?
False
Is 22114941 prime?
False
Is 757616093 prime?
False
Is 1234609 prime?
False
Is 179290217 composite?
False
Is 72703009 prime?
False
Is 37579699 composite?
True
Is 4440497 composite?
False
Is 24568233 prime?
False
Is 611539 a prime number?
False
Is 67258259 a composite number?
False
Is 52261057 composite?
True
Is 23954549 a composite number?
True
Is 126878473 prime?
False
Is 10709509 prime?
True
Is 127094347 a prime number?
False
Is 10356629 prime?
True
Is 4308323 prime?
False
Is 34696937 a composite number?
True
Is 8688863 composite?
False
Is 76123939 prime?
True
Is 2909047 a composite number?
False
Is 19725259 prime?
False
Is 18668513 composite?
False
Is 3037585 composite?
True
Is 4497113 a prime number?
False
Is 150082927 composite?
False
Is 3751171 composite?
True
Is 185